{"id":46,"date":"2023-01-26T19:03:18","date_gmt":"2023-01-26T18:03:18","guid":{"rendered":"https:\/\/www.soleilgmbh.at\/shop\/?post_type=product&#038;p=46"},"modified":"2024-04-18T22:22:53","modified_gmt":"2024-04-18T20:22:53","slug":"schwebehilfe-floats","status":"publish","type":"product","link":"https:\/\/www.soleilgmbh.at\/shop\/produkt\/schwebehilfe-floats\/","title":{"rendered":"Schwebehilfe Floats"},"content":{"rendered":"<ul>\n<li>EauSoleMio Floats zum besseren Schweben der Beine im Wasser liegend<\/li>\n<li>Diese Floats werden f\u00fcr EauSoleMio in einer speziellen Form gefertigt<\/li>\n<li>Sehr angenehme schmale Ausf\u00fchrung der Floats<\/li>\n<li>Kann an den Beinen, entweder am Kn\u00f6chel, unter dem Knie oder am Oberschenkel befestigt werden<\/li>\n<li>Besonders gut geeignet f\u00fcr die Befestigung an den Oberschenkeln, durch extra langer Kletter mit 26 cm Gesamtl\u00e4nge, um sich an jede Kundengr\u00f6\u00dfe anzupassen<\/li>\n<li>Kleiner Tipp: Immer von au\u00dfen nach innen verschlie\u00dfen. Dadurch bleibt beim Aufmachen aus der Mitte heraus der Kletter nicht am zweiten Float h\u00e4ngen<\/li>\n<li>Gr\u00f6\u00dfenguide:\n<ul>\n<li>Gr\u00f6\u00dfe S wird verwendet, wenn eine leichte Schwebeunterst\u00fctzung ben\u00f6tigt wird, oft f\u00fcr Frauen, selten bei M\u00e4nnern.<\/li>\n<li>Gr\u00f6\u00dfe M wird f\u00fcr Frauen und M\u00e4nner verwendet, wenn eine mittlere Schwebeunterst\u00fctzung gew\u00fcnscht ist.<\/li>\n<li>Gr\u00f6\u00dfe L wird oft f\u00fcr muskul\u00f6se Menschen und auch oft f\u00fcr M\u00e4nner verwendet, um eine starke Schwebeunterst\u00fctzung zu bekommen.<\/li>\n<\/ul>\n<\/li>\n<\/ul>\n<p>Bei manchen Personen ist es notwendig, durch die Kombination einer Gr\u00f6\u00dfe L am Oberschenkel und eine Gr\u00f6\u00dfe M oder S unter dem Knie eine besonders starke Schwebeunterst\u00fctzung zu erreichen.<\/p>\n","protected":false},"excerpt":{"rendered":"<ul>\n<li>EauSoleMio Floats zum besseren Schweben der Beine im Wasser liegend<\/li>\n<li>Diese Floats werden f\u00fcr EauSoleMio in einer speziellen Form gefertigt<\/li>\n<li>Sehr angenehme schmale Ausf\u00fchrung der Floats<\/li>\n<li>Kann an den Beinen, entweder am Kn\u00f6chel, unter dem Knie oder am Oberschenkel befestigt werden<\/li>\n<li>Besonders gut geeignet f\u00fcr die Befestigung an den Oberschenkeln, durch extra langer Kletter mit 26 cm Gesamtl\u00e4nge, um sich an jede Kundengr\u00f6\u00dfe anzupassen<\/li>\n<li>Kleiner Tipp: Immer von au\u00dfen nach innen verschlie\u00dfen. Dadurch bleibt beim Aufmachen aus der Mitte heraus der Kletter nicht am zweiten Float h\u00e4ngen<\/li>\n<li>Gr\u00f6\u00dfenguide:\n<ul>\n<li>Gr\u00f6\u00dfe S wird verwendet, wenn eine leichte Schwebeunterst\u00fctzung ben\u00f6tigt wird, oft f\u00fcr Frauen, selten bei M\u00e4nnern.<\/li>\n<li>Gr\u00f6\u00dfe M wird f\u00fcr Frauen und M\u00e4nner verwendet, wenn eine mittlere Schwebeunterst\u00fctzung gew\u00fcnscht ist.<\/li>\n<li>Gr\u00f6\u00dfe L wird oft f\u00fcr muskul\u00f6se Menschen und auch oft f\u00fcr M\u00e4nner verwendet, um eine starke Schwebeunterst\u00fctzung zu bekommen.<\/li>\n<\/ul>\n<\/li>\n<\/ul>\n<p>Bei manchen Personen ist es notwendig, durch die Kombination einer Gr\u00f6\u00dfe L am Oberschenkel und eine Gr\u00f6\u00dfe M oder S unter dem Knie eine besonders starke Schwebeunterst\u00fctzung zu erreichen.<\/p>\n","protected":false},"featured_media":74,"template":"","meta":[],"product_cat":[77,20],"product_tag":[82,83,84,69,85,86,87,88,89],"class_list":{"0":"post-46","1":"product","2":"type-product","3":"status-publish","4":"has-post-thumbnail","6":"product_cat-erwachsene","7":"product_cat-schwimmhilfen","8":"product_tag-floats","9":"product_tag-flotters","10":"product_tag-schwebehilfen","11":"product_tag-schwimmhilfe","12":"product_tag-wassershiatsu","13":"product_tag-wassertanzen","14":"product_tag-wassertherapie","15":"product_tag-wata","16":"product_tag-watsu","18":"first","19":"instock","20":"taxable","21":"shipping-taxable","22":"purchasable","23":"product-type-variable"},"yoast_head":"<!-- This site is optimized with the Yoast SEO plugin v23.0 - https:\/\/yoast.com\/wordpress\/plugins\/seo\/ -->\n<title>Schwebehilfe Floats - Soleil GmbH Shop<\/title>\n<meta name=\"robots\" content=\"index, follow, max-snippet:-1, max-image-preview:large, max-video-preview:-1\" \/>\n<link rel=\"canonical\" href=\"https:\/\/www.soleilgmbh.at\/shop\/produkt\/schwebehilfe-floats\/\" \/>\n<meta property=\"og:locale\" content=\"de_DE\" \/>\n<meta property=\"og:type\" content=\"article\" \/>\n<meta property=\"og:title\" content=\"Schwebehilfe Floats - Soleil GmbH Shop\" \/>\n<meta property=\"og:description\" content=\"EauSoleMio Floats zum besseren Schweben der Beine im Wasser liegend  Diese Floats werden f\u00fcr EauSoleMio in einer speziellen Form gefertigt  Sehr angenehme schmale Ausf\u00fchrung der Floats  Kann an den Beinen, entweder am Kn\u00f6chel, unter dem Knie oder am Oberschenkel befestigt werden  Besonders gut geeignet f\u00fcr die Befestigung an den Oberschenkeln, durch extra langer Kletter mit 26 cm Gesamtl\u00e4nge, um sich an jede Kundengr\u00f6\u00dfe anzupassen  Kleiner Tipp: Immer von au\u00dfen nach innen verschlie\u00dfen. Dadurch bleibt beim Aufmachen aus der Mitte heraus der Kletter nicht am zweiten Float h\u00e4ngen  Gr\u00f6\u00dfenguide:   Gr\u00f6\u00dfe S wird verwendet, wenn eine leichte Schwebeunterst\u00fctzung ben\u00f6tigt wird, oft f\u00fcr Frauen, selten bei M\u00e4nnern.  Gr\u00f6\u00dfe M wird f\u00fcr Frauen und M\u00e4nner verwendet, wenn eine mittlere Schwebeunterst\u00fctzung gew\u00fcnscht ist.  Gr\u00f6\u00dfe L wird oft f\u00fcr muskul\u00f6se Menschen und auch oft f\u00fcr M\u00e4nner verwendet, um eine starke Schwebeunterst\u00fctzung zu bekommen.    Bei manchen Personen ist es notwendig, durch die Kombination einer Gr\u00f6\u00dfe L am Oberschenkel und eine Gr\u00f6\u00dfe M oder S unter dem Knie eine besonders starke Schwebeunterst\u00fctzung zu erreichen.\" \/>\n<meta property=\"og:url\" content=\"https:\/\/www.soleilgmbh.at\/shop\/produkt\/schwebehilfe-floats\/\" \/>\n<meta property=\"og:site_name\" content=\"Soleil GmbH Shop\" \/>\n<meta property=\"article:modified_time\" content=\"2024-04-18T20:22:53+00:00\" \/>\n<meta property=\"og:image\" content=\"https:\/\/www.soleilgmbh.at\/shop\/wp-content\/uploads\/sites\/5\/2023\/01\/floats-01.jpg\" \/>\n\t<meta property=\"og:image:width\" content=\"1800\" \/>\n\t<meta property=\"og:image:height\" content=\"1200\" \/>\n\t<meta property=\"og:image:type\" content=\"image\/jpeg\" \/>\n<meta name=\"twitter:card\" content=\"summary_large_image\" \/>\n<meta name=\"twitter:label1\" content=\"Gesch\u00e4tzte Lesezeit\" \/>\n\t<meta name=\"twitter:data1\" content=\"2\u00a0Minuten\" \/>\n<script type=\"application\/ld+json\" class=\"yoast-schema-graph\">{\"@context\":\"https:\/\/schema.org\",\"@graph\":[{\"@type\":\"WebPage\",\"@id\":\"https:\/\/www.soleilgmbh.at\/shop\/produkt\/schwebehilfe-floats\/\",\"url\":\"https:\/\/www.soleilgmbh.at\/shop\/produkt\/schwebehilfe-floats\/\",\"name\":\"Schwebehilfe Floats - Soleil GmbH Shop\",\"isPartOf\":{\"@id\":\"https:\/\/www.soleilgmbh.at\/shop\/#website\"},\"primaryImageOfPage\":{\"@id\":\"https:\/\/www.soleilgmbh.at\/shop\/produkt\/schwebehilfe-floats\/#primaryimage\"},\"image\":{\"@id\":\"https:\/\/www.soleilgmbh.at\/shop\/produkt\/schwebehilfe-floats\/#primaryimage\"},\"thumbnailUrl\":\"https:\/\/www.soleilgmbh.at\/shop\/wp-content\/uploads\/sites\/5\/2023\/01\/floats-01.jpg\",\"datePublished\":\"2023-01-26T18:03:18+00:00\",\"dateModified\":\"2024-04-18T20:22:53+00:00\",\"breadcrumb\":{\"@id\":\"https:\/\/www.soleilgmbh.at\/shop\/produkt\/schwebehilfe-floats\/#breadcrumb\"},\"inLanguage\":\"de\",\"potentialAction\":[{\"@type\":\"ReadAction\",\"target\":[\"https:\/\/www.soleilgmbh.at\/shop\/produkt\/schwebehilfe-floats\/\"]}]},{\"@type\":\"ImageObject\",\"inLanguage\":\"de\",\"@id\":\"https:\/\/www.soleilgmbh.at\/shop\/produkt\/schwebehilfe-floats\/#primaryimage\",\"url\":\"https:\/\/www.soleilgmbh.at\/shop\/wp-content\/uploads\/sites\/5\/2023\/01\/floats-01.jpg\",\"contentUrl\":\"https:\/\/www.soleilgmbh.at\/shop\/wp-content\/uploads\/sites\/5\/2023\/01\/floats-01.jpg\",\"width\":1800,\"height\":1200},{\"@type\":\"BreadcrumbList\",\"@id\":\"https:\/\/www.soleilgmbh.at\/shop\/produkt\/schwebehilfe-floats\/#breadcrumb\",\"itemListElement\":[{\"@type\":\"ListItem\",\"position\":1,\"name\":\"Startseite\",\"item\":\"https:\/\/www.soleilgmbh.at\/shop\/\"},{\"@type\":\"ListItem\",\"position\":2,\"name\":\"Shop\",\"item\":\"https:\/\/www.soleilgmbh.at\/shop\/shop\/\"},{\"@type\":\"ListItem\",\"position\":3,\"name\":\"Schwebehilfe Floats\"}]},{\"@type\":\"WebSite\",\"@id\":\"https:\/\/www.soleilgmbh.at\/shop\/#website\",\"url\":\"https:\/\/www.soleilgmbh.at\/shop\/\",\"name\":\"Soleil GmbH Shop\",\"description\":\"\",\"publisher\":{\"@id\":\"https:\/\/www.soleilgmbh.at\/shop\/#organization\"},\"potentialAction\":[{\"@type\":\"SearchAction\",\"target\":{\"@type\":\"EntryPoint\",\"urlTemplate\":\"https:\/\/www.soleilgmbh.at\/shop\/?s={search_term_string}\"},\"query-input\":\"required name=search_term_string\"}],\"inLanguage\":\"de\"},{\"@type\":\"Organization\",\"@id\":\"https:\/\/www.soleilgmbh.at\/shop\/#organization\",\"name\":\"Soleil GmbH Shop\",\"url\":\"https:\/\/www.soleilgmbh.at\/shop\/\",\"logo\":{\"@type\":\"ImageObject\",\"inLanguage\":\"de\",\"@id\":\"https:\/\/www.soleilgmbh.at\/shop\/#\/schema\/logo\/image\/\",\"url\":\"https:\/\/www.soleilgmbh.at\/shop\/wp-content\/uploads\/sites\/5\/2023\/01\/EauSoleMio-Schwimmzeug-.-.png\",\"contentUrl\":\"https:\/\/www.soleilgmbh.at\/shop\/wp-content\/uploads\/sites\/5\/2023\/01\/EauSoleMio-Schwimmzeug-.-.png\",\"width\":1448,\"height\":370,\"caption\":\"Soleil GmbH Shop\"},\"image\":{\"@id\":\"https:\/\/www.soleilgmbh.at\/shop\/#\/schema\/logo\/image\/\"}}]}<\/script>\n<!-- \/ Yoast SEO plugin. -->","yoast_head_json":{"title":"Schwebehilfe Floats - Soleil GmbH Shop","robots":{"index":"index","follow":"follow","max-snippet":"max-snippet:-1","max-image-preview":"max-image-preview:large","max-video-preview":"max-video-preview:-1"},"canonical":"https:\/\/www.soleilgmbh.at\/shop\/produkt\/schwebehilfe-floats\/","og_locale":"de_DE","og_type":"article","og_title":"Schwebehilfe Floats - Soleil GmbH Shop","og_description":"EauSoleMio Floats zum besseren Schweben der Beine im Wasser liegend  Diese Floats werden f\u00fcr EauSoleMio in einer speziellen Form gefertigt  Sehr angenehme schmale Ausf\u00fchrung der Floats  Kann an den Beinen, entweder am Kn\u00f6chel, unter dem Knie oder am Oberschenkel befestigt werden  Besonders gut geeignet f\u00fcr die Befestigung an den Oberschenkeln, durch extra langer Kletter mit 26 cm Gesamtl\u00e4nge, um sich an jede Kundengr\u00f6\u00dfe anzupassen  Kleiner Tipp: Immer von au\u00dfen nach innen verschlie\u00dfen. Dadurch bleibt beim Aufmachen aus der Mitte heraus der Kletter nicht am zweiten Float h\u00e4ngen  Gr\u00f6\u00dfenguide:   Gr\u00f6\u00dfe S wird verwendet, wenn eine leichte Schwebeunterst\u00fctzung ben\u00f6tigt wird, oft f\u00fcr Frauen, selten bei M\u00e4nnern.  Gr\u00f6\u00dfe M wird f\u00fcr Frauen und M\u00e4nner verwendet, wenn eine mittlere Schwebeunterst\u00fctzung gew\u00fcnscht ist.  Gr\u00f6\u00dfe L wird oft f\u00fcr muskul\u00f6se Menschen und auch oft f\u00fcr M\u00e4nner verwendet, um eine starke Schwebeunterst\u00fctzung zu bekommen.    Bei manchen Personen ist es notwendig, durch die Kombination einer Gr\u00f6\u00dfe L am Oberschenkel und eine Gr\u00f6\u00dfe M oder S unter dem Knie eine besonders starke Schwebeunterst\u00fctzung zu erreichen.","og_url":"https:\/\/www.soleilgmbh.at\/shop\/produkt\/schwebehilfe-floats\/","og_site_name":"Soleil GmbH Shop","article_modified_time":"2024-04-18T20:22:53+00:00","og_image":[{"width":1800,"height":1200,"url":"https:\/\/www.soleilgmbh.at\/shop\/wp-content\/uploads\/sites\/5\/2023\/01\/floats-01.jpg","type":"image\/jpeg"}],"twitter_card":"summary_large_image","twitter_misc":{"Gesch\u00e4tzte Lesezeit":"2\u00a0Minuten"},"schema":{"@context":"https:\/\/schema.org","@graph":[{"@type":"WebPage","@id":"https:\/\/www.soleilgmbh.at\/shop\/produkt\/schwebehilfe-floats\/","url":"https:\/\/www.soleilgmbh.at\/shop\/produkt\/schwebehilfe-floats\/","name":"Schwebehilfe Floats - Soleil GmbH Shop","isPartOf":{"@id":"https:\/\/www.soleilgmbh.at\/shop\/#website"},"primaryImageOfPage":{"@id":"https:\/\/www.soleilgmbh.at\/shop\/produkt\/schwebehilfe-floats\/#primaryimage"},"image":{"@id":"https:\/\/www.soleilgmbh.at\/shop\/produkt\/schwebehilfe-floats\/#primaryimage"},"thumbnailUrl":"https:\/\/www.soleilgmbh.at\/shop\/wp-content\/uploads\/sites\/5\/2023\/01\/floats-01.jpg","datePublished":"2023-01-26T18:03:18+00:00","dateModified":"2024-04-18T20:22:53+00:00","breadcrumb":{"@id":"https:\/\/www.soleilgmbh.at\/shop\/produkt\/schwebehilfe-floats\/#breadcrumb"},"inLanguage":"de","potentialAction":[{"@type":"ReadAction","target":["https:\/\/www.soleilgmbh.at\/shop\/produkt\/schwebehilfe-floats\/"]}]},{"@type":"ImageObject","inLanguage":"de","@id":"https:\/\/www.soleilgmbh.at\/shop\/produkt\/schwebehilfe-floats\/#primaryimage","url":"https:\/\/www.soleilgmbh.at\/shop\/wp-content\/uploads\/sites\/5\/2023\/01\/floats-01.jpg","contentUrl":"https:\/\/www.soleilgmbh.at\/shop\/wp-content\/uploads\/sites\/5\/2023\/01\/floats-01.jpg","width":1800,"height":1200},{"@type":"BreadcrumbList","@id":"https:\/\/www.soleilgmbh.at\/shop\/produkt\/schwebehilfe-floats\/#breadcrumb","itemListElement":[{"@type":"ListItem","position":1,"name":"Startseite","item":"https:\/\/www.soleilgmbh.at\/shop\/"},{"@type":"ListItem","position":2,"name":"Shop","item":"https:\/\/www.soleilgmbh.at\/shop\/shop\/"},{"@type":"ListItem","position":3,"name":"Schwebehilfe Floats"}]},{"@type":"WebSite","@id":"https:\/\/www.soleilgmbh.at\/shop\/#website","url":"https:\/\/www.soleilgmbh.at\/shop\/","name":"Soleil GmbH Shop","description":"","publisher":{"@id":"https:\/\/www.soleilgmbh.at\/shop\/#organization"},"potentialAction":[{"@type":"SearchAction","target":{"@type":"EntryPoint","urlTemplate":"https:\/\/www.soleilgmbh.at\/shop\/?s={search_term_string}"},"query-input":"required name=search_term_string"}],"inLanguage":"de"},{"@type":"Organization","@id":"https:\/\/www.soleilgmbh.at\/shop\/#organization","name":"Soleil GmbH Shop","url":"https:\/\/www.soleilgmbh.at\/shop\/","logo":{"@type":"ImageObject","inLanguage":"de","@id":"https:\/\/www.soleilgmbh.at\/shop\/#\/schema\/logo\/image\/","url":"https:\/\/www.soleilgmbh.at\/shop\/wp-content\/uploads\/sites\/5\/2023\/01\/EauSoleMio-Schwimmzeug-.-.png","contentUrl":"https:\/\/www.soleilgmbh.at\/shop\/wp-content\/uploads\/sites\/5\/2023\/01\/EauSoleMio-Schwimmzeug-.-.png","width":1448,"height":370,"caption":"Soleil GmbH Shop"},"image":{"@id":"https:\/\/www.soleilgmbh.at\/shop\/#\/schema\/logo\/image\/"}}]}},"_links":{"self":[{"href":"https:\/\/www.soleilgmbh.at\/shop\/wp-json\/wp\/v2\/product\/46"}],"collection":[{"href":"https:\/\/www.soleilgmbh.at\/shop\/wp-json\/wp\/v2\/product"}],"about":[{"href":"https:\/\/www.soleilgmbh.at\/shop\/wp-json\/wp\/v2\/types\/product"}],"wp:featuredmedia":[{"embeddable":true,"href":"https:\/\/www.soleilgmbh.at\/shop\/wp-json\/wp\/v2\/media\/74"}],"wp:attachment":[{"href":"https:\/\/www.soleilgmbh.at\/shop\/wp-json\/wp\/v2\/media?parent=46"}],"wp:term":[{"taxonomy":"product_cat","embeddable":true,"href":"https:\/\/www.soleilgmbh.at\/shop\/wp-json\/wp\/v2\/product_cat?post=46"},{"taxonomy":"product_tag","embeddable":true,"href":"https:\/\/www.soleilgmbh.at\/shop\/wp-json\/wp\/v2\/product_tag?post=46"}],"curies":[{"name":"wp","href":"https:\/\/api.w.org\/{rel}","templated":true}]}}